42
What is the value of -6 + -6 - (-59 + 16 + 13 - -10)?
8
What is the value of (-4 - 2) + -2 + 104 + -58?
38
Calculate -18 + -9 + 18 - (32 - 1 - -6).
-46
Calculate -60 + 9 + 10 - (-10 - -25).
-56
Calculate -16 - 0 - (342 + -256) - -13 - (-4 - -8).
-93
114 + (87 - (-23 - -135))
89
What is the value of (50 + -26 - (35 - (14 - 0))) + -92?
-89
Calculate -199 + 121 - -119 - 62.
-21
Calculate 3 + 13 + -6 + 34 + -55 + 32.
21
Evaluate 7 + (-64 + -3 - (-42 + 51)).
-69
What is 24 - (5 + 121 + 7 + 12 - 0)?
-121
-723 + 659 + (-12 - 3) + -2 + -15
-96
Calculate (-5973 - -5850) + (219 - 1).
95
What is ((-91 - -88) + 11 + 2 - -37) + 0?
47
What is the value of 11 - 1 - (-357 - -323) - 2?
42
Evaluate -39 + 75 - 70 - (7 - 34).
-7
Calculate -143 + 92 - (-28 - 16).
-7
Evaluate -7 - ((0 - (3 - 5)) + (24 - 27) + -11).
5
What is the value of -4295 + 4359 - (1 - -21)?
42
What is the value of -126 + 128 + (20 + -17 - (-26 - 1))?
32
-21 - ((-8 - 16) + -4 + 8) - (31 - 1)
-31
What is (-1 - -10) + 2 - (47 - (97 + -106))?
-45
Evaluate 872 + -825 - (7 - -119).
-79
Calculate -4 + 22 - (-1215 - -1237).
-4
(-39 - (-8 - (-9 - -1))) + -21
-60
Calculate -117 - (-26 + -2 - ((58 - 126) + 58)).
-99
Calculate 45 - ((-22 - -159) + -47).
-45
What is the value of (-8 - (-10 - (-36 - 2))) + 114?
78
Evaluate -26 - (-21 + 40 + -94).
49
Evaluate 44 + -37 + 3 - (3 + -5).
12
What is (-2 - -24) + (-52 - (-2 - 5))?
-23
(-35 + (-9 + -2 - -7) - 0) + 12
-27
Calculate (-33 - (-20 + -14)) + 36.
37
Calculate 2 + -36 + (151 - 107) - (1 + 18).
-9
What is -487 + 493 - (1 + -1 - 18)?
24
Evaluate (28 - 57) + 30 + (0 - (1 - 4)) + -10.
-6
What is (4 - -23) + (-2 - -20 - -32)?
77
(50 - (-10 + 61)) + (12 + -2 - 0) - -2
11
-7 - 0 - (-6 + 15 + -1 + (11 - 1))
-25
What is the value of -39 + 31 - (-16 - 34)?
42
What is the value of 1 + -6 - (195 + -490 + 289)?
1
Evaluate -41 - (27 + -74 + 31).
-25
What is the value of (-114 - -98 - (-4 + (3 - 6)) - -2) + 12?
5
84 + -39 + -9 + 30 - 5
61
What is -70 - (84 - (-52 - -260))?
54
Calculate -33 - -14 - (-5 + (-1 - 2)).
-11
1 + 10 + (-58 + 153 - 91)
15
What is (-13 - 1) + (-1007 - -1030) - -11?
20
-20 - (-64 + (-16 - -39))
21
Calculate 6 - ((19 - 8) + -15) - ((-19 - -12) + -11).
28
What is the value of 32 - -40 - (265 + -138)?
-55
-45 + (86 - 20) + -1 + 1
21
What is the value of -3 - ((-12 - -27) + (12 - (0 + 7 + 5)))?
-18
Evaluate 145 + (-130 - -43 - 139).
-81
Calculate -17 + (38 - (-32 - -13)) + 10.
50
What is 7 + 64 + (-140 - -98)?
29
145 + -38 - 82 - (20 - 1) - (1 + -41)
46
-42 + (0 - (-24 + 43))
-61
Evaluate (-12 - 38 - -11) + 5 + 0 + -352 + 348.
-38
Calculate -17 + (13 - -1) - (-11 - (12 - -24)).
44
Evaluate -2 - -28 - (123 + -142) - 20.
25
Evaluate 28 + -7 - (358 + -314).
-23
Calculate 0 + -2 + 42 + (0 - -38 - 37).
41
Calculate (-93 - (-38 - 3)) + 12.
-40
Calculate (7 + 18 + -3 - 10) + (-11 - -1).
2
Calculate (-7 + 50 + -12 + 8 - 11) + -8.
20
What is the value of -21 + 71 + -1 + -109?
-60
What is the value of -82 - (-106 - -26) - (35 + 0 + 0)?
-37
What is the value of -4279 - -4327 - (69 - 2)?
-19
What is -39 + 37 - (12 + -16 + -12)?
14
-12 + 110 + -50 + -28
20
What is the value of -6 + 24 + (-38 + 74 - 49)?
5
What is the value of 27 + (-37 - -12) + 35?
37
What is 7 + 85 + -55 - 49?
-12
-195 - (-33 + -40) - -70
-52
-9 + -3 + 11 + (47 - (6 - 15)) + -2
53
-31 + -22 + -4 + 19
-38
-24 + 1 + (-147 - -106) + 97
33
-12 - -39 - (170 + -110)
-33
What is 52 - (-1 - (61 + -49))?
65
What is (1 - -15) + (296 - 339) + -7?
-34
What is (-93 - (-3 - -3)) + 10 + (5 - 12)?
-90
What is 60 + 1 + -5681 + 5647?
27
Calculate (-951 - -989) + 2 + (-1 - 0) - (1 + 3).
35
Calculate 15 - (-30 - -27 - -41).
-23
Calculate 3916 - 4086 - (-32 + 0 + 1).
-139
Calculate -9 - (377 - 354 - (-1 + 14)).
-19
Evaluate -45 + -119 + 97 + (-10 - 1).
-78
Evaluate 33 + 1 + -34 + 898 + -962.
-64
What is 93 + -52 - 42 - (4 + (51 - 6) + -6)?
-44
Calculate (6 - -10) + (-80 - -26).
-38
Calculate -130 - -71 - (-28 + 11 + (0 - -5)).
-47
-8 + (11 - (-11 + 27)) + 36 + -16 + -26
-19
Evaluate (319 - 333) + -2 + (-1 - 14) + -3 + -1.
-35
-1 + -3 + -27 + (12 - -18) + (2 - 9)
-8
Evaluate -28 - (28 + -69) - (-1 + 95).
-81
Evaluate 1316 + -1277 + (-45 - 2).
-8
What is the value of -1 - (1 + 14) - (-10507 - -10488) - -56?
59
What is 2816 + -2782 - (47 - 4)?
-9
What is (-74 - -58) + -12 + (2 - 4)?
-30
What is -231 - -261 - (46 + -2) - 10?
-24
Evaluate (10 - 3 - 2) + -4 + (4 - 81) + 38.
-38
Calculate -66 + (-69 - -92) - -3.
-40
Calculate 83 - (-10 + (-43 - -26 - -20)).
90
What is -2 + (52 - 53 - 20)?
-23
Calculate -7 + 7 + -38 + 17 + 23.
2
Calculate -16 + 17 + 2 + (12 - 1) + -52.
-38
Evaluate 101 + -98 - (10 + (4 - 23)).
12
Evaluate (-52 - (3 + -29)) + 27.
1
-12 + (-26 - (7 - -12 - 97))
40
Evaluate 11 - (7 - (18 - (9 + (14 - 9)))).
8
What is (13 - -4) + 11 + -37 - -9 - 34?
-34
What is the value of (-4 - (-4 + 4 - 8)) + 85 + -42 + -5?
42
Evaluate 89 + (-28 + 59 - 124).
-4
Calculate (17 + (3 - 4) + -1 - 10) + 50.
55
20 - (1 - -10 - -2 - 11)
18
((18 - 20) + 28 - -20) + (3 - -17)
66
Calculate -122 + 71 + 111 + -55.
5
What is the value of (1 + 8 - -7) + (-38 - -13) + 23 - 130?
-116
Calculate 2 + (-42 - 2) - (-754 + 746).
-34
What is 2 + 12 + 16 + -28 + -13 + 21 + 41?
51
What is the value of 0 - 81 - (59 + -40 - (3 + 7 + 7))?
-83
What is the value of (8 - -117) + -14 - (7 - (5 + 0 - -8))?
117
Evaluate 14 + 0 - ((-16 - -9) + 0 + -7).
28
Calculate -8 + 3 + -152 + 3560 + -3542.
-139
What is the value of 0 + -4 + (-2334 - -2271)?
-67
What is (-22 - (-25 + 2)) + -11 - -4?
-6
Calculate -3 + -49 + (-55 - -144).
37
Calculate 108 + (-362 - -113) - -127.
-14
What is the value of 2 - 96 - ((-1 - -5) + (-209 - -223))?
-112
Calculate -13 + (34 - (-97 + 46)).
72
1 - -1 - -30 - (33783 - 33819)
68
Evaluate -2 + -1 + 10 - (22 + 14 - -6).
-35
1 + -1 - 18 - (-254 + 206)
30
(-33 - -18 - -21) + -3 + 8 + 36
47
Evaluate 1 - -53 - (-507 + 541).
20
What is (-86 + 85 - (-16 - (-3 - -1))) + 96 - 11?
98
What is the value of -10 + 6 + (-17 - 0 - (-18 + (31 - 14)))?
-20
Calculate (-62 - -23) + 1 + 18 + 1.
-19
What is the value of -49 - (29 + (35 - 94))?
-19
-6774 - -6812 - (42 + 2)
-6
What is the value of 51 - (105 + -21 + -10)?
-23
-85 + (21 - -54) - (-2 - 59)
51
Evaluate -36 + (-4 - (-34 + 27)).
-33
-22 + 6 + 3 + 5 - 12
-20
Calculate 49 - (-82 - -299) - -89.
-79
Evaluate -7 + 0 + 1 + 16 + -335 + 284 - 3.
-44
Evaluate -32 + -64 - -40 - -36.
-20
Evaluate 0 + 8 + (-45 - 3) + 7.
-33
-5 - (-25 + -26 - 36 - -33)
49
Evaluate -7 - (2 + -1) - (-22 + -73 - (-1 + -9)).
77
What is -3 - -29 - (121 + (-77 - 3))?
-15
What is -5 + 32 - (25 - (-19 - -69) - -17)?
35
What is 21 + (313 - 277) + (1 - 14)?
44
(-2 + 32 - (-7 - -11)) + 20
46
What is the value of (-7 - -2) + 9 + (11 - (35 + -2)) + -4?
-22
What is the value of -35 + (37 + -93 - -101)?
10
What is the value of 35 - 1 - (140 - (409 + -200))?
103
What is the value of 272 - 298 - (-5 - -10 - 4)?
-27
Calculate -78 + -6 + 230 + -187.
-41
Evaluate 56 + (59 + -75 - 38).
2
What is 4 - (-82 - ((0 - 9) + (-22 - -24) + -3))?
76
Evaluate -23 + 0 + (18 + 0 - 43).
-48
Calculate 13 + (-7 - (7 + -12) - (124 - 53)).
-60
What is the value of -5 + (-3 - -4) - -5 - (481 - 461)?
-19
What is the value of 91 + (-97 + -12 - -48)?
30
(-5 - 13) + 8 - 8 - (7 + 32)
-57
What is 53 + -18 + 10 + -14 + 2?
33
-17 - (9 - (-11 - -53)) - -14
30
What is -7 - (-16 - (-19 + 12 - 13))?
-11
-1 + -10 + (508 - 421)
76
What is the value of 43 - -1 - ((-17 + 31 - 14) + 7 + -6)?
43
What is (5 - 10) + -4 - (8 - 3 - -46)?
-60
Evaluate 1 - 8 - (-2652 + 2692).
-47
Evaluate -14 - (41 + (-33 - -11) - -25).
-58
0 + -7 + (-5 + -13 - (-31 - (-32 + 26)))
0
Calculate 15 + (21 - 17) + -21 + 9 + -2.
5
3 + -9 + (11 + -11 - -9) - (7 - 32)
28
What is the value of 6 + 2 + -2 + (-46 - (17 + 21 - 141))?
63
0 - (0 + -1 + -2) - (-27 - (26 + -108))
-52
Calculate -45 - (13 + (38 - 23) + -23).
-50
Evaluate (39 + 1 - (-210 + 234)) + -31 - -44.
29
What is the value of -7 - 2 - (874 + -833 + -1 + 11)?
-60
Calculate -26 + 12 + (-30 - -49).
5
Calculate 18 + (-3 - (-8 - -19 - 15)).
19
Evaluate (-69 - -203) + -133 + (-1 - -46).
46
What is the value of 33 + 23 + -30 + -19?
7
Calculate (-29 - -9 - -21 - 3) + (-3 - -3).
-2
What is the value of -107 - -115 - (1 + -6 + (4 - 0) + 28)?
-19
What is the va